ided by 1 + (4 + -2 - j)?
10
Let y(s) = 2*s - 3. What is the remainder when 4/(-10) - (-7 + 873/(-45)) is divided by y(6)?
8
Let q = 12 + 19. Let m(h) be the third derivative of h**5/60 + h**4/12 + h**3/6 + h**2. Calculate the remainder when q is divided by m(-5).
15
Suppose 2*a + 3 = -5, -w = -2*a - 60. Suppose -53 = -3*p + w. Calculate the remainder when p is divided by 12.
11
Let j be (-2 - -43)*(1 + 0). Suppose 2*r - r - 3*b = j, 2*r = 3*b + 79. What is the remainder when r is divided by 13?
12
Suppose 2*r + 0*r - 272 = 0. Let y = -81 + r. Suppose -2*c = -7*c + y. What is the remainder when c is divided by 6?
5
Let r = 28 + -17. Suppose -3*y + 65 = 2*n, n = 4*n - 3. Calculate the remainder when y is divided by r.
10
Suppose -3 - 6 = -j. Calculate the remainder when 14 is divided by j.
5
Let x(f) = -f**3 - f**2 + f + 25. Let g be x(0). Let h = -13 + g. Calculate the remainder when h is divided by 7.
5
Suppose 7*i - 6*i = 70. Calculate the remainder when i is divided by 12.
10
Let o = -11 - -37. Suppose 2*x = -0 + o. What is the remainder when 50 is divided by x?
11
Let j = 95 + -43. Let r(i) = 1 + 0 - i - 16*i. What is the remainder when j is divided by r(-1)?
16
What is the remainder when (-6)/15 + 304/10 is divided by 16?
14
Suppose -2 = -p + 19. Let v(w) = -15*w + 2. Let g be v(-7). Let h = -45 + g. Calculate the remainder when h is divided by p.
20
Let l(q) = 6*q**2 + 2*q. What is the remainder when l(-3) is divided by 10?
8
What is the remainder when 9/(-3) - (-38 - -6) is divided by (-14)/(-2) + 0 + 1?
5
Let h = 146 + -111. What is the remainder when h is divided by 13?
9
Calculate the remainder when 34 is divided by 2/2*(-2 - -11).
7
Suppose -48 - 15 = 3*g. What is the remainder when (-18)/4*28/g is divided by 2?
0
Suppose 57 = 4*b + 3*z - 8*z, 2*z + 42 = 4*b. Let q = 357 - 334. Calculate the remainder when q is divided by b.
7
Suppose -4*w - 4*j + 84 = 0, -w - 28 = -4*w + 4*j. Let x(i) = 5*i + 6. Let o be x(5). Let l = o - 22. Calculate the remainder when w is divided by l.
7
Suppose -19 = -4*f + 41. Suppose n + 2*n = f. What is the remainder when n is divided by 3?
2
Let j(g) = -g**2 - 3*g + 4. Let r be j(-4). Let d = r - 0. Suppose 0 = 5*i - d*i - 205. What is the remainder when i is divided by 14?
13
Suppose 5*w - 2*w + 12 = 0. Calculate the remainder when (-106)/((w - -1) + 1) is divided by 14.
11
Calculate the remainder when 1/(-2)*-1*116 is divided by 20.
18
What is the remainder when 36 is divided by 5/(-15) - 92/(-6)?
6
Suppose q = 7 - 5. Suppose -a = -0*a - q*z - 15, 2*z + 4 = 0. What is the remainder when 20 is divided by a?
9
Let w(i) = 2*i**2 - 3*i + 4. Let m be w(4). Suppose m = 2*g - 34. Calculate the remainder when g is divided by 15.
14
Calculate the remainder when 37 is divided by (14/(-6))/(4/(-108)*3).
16
Let w(m) = -47*m**3 + m**2 + m + 1. Let u be w(-1). Suppose 3*t - 66 - u = 0. Calculate the remainder when t is divided by 10.
8
Suppose -j = 5*a - 1 - 1, 4*a + 6 = 3*j. Suppose 3*p - 3*l + 9 = 0, j*p - 29 = 2*l - 7*l. Calculate the remainder when ((-3)/5)/(1/(-5)) is divided by p.
1
Let n(z) = -z**3 - 10*z**2 - 12*z - 15. What is the remainder when 39 is divided by n(-9)?
3
Let u be 13/(-2) - (-1)/(-2). Calculate the remainder when 2/(-6) + u/(-3) is divided by 1/((-10)/(-120)*12).
0
Suppose 0 = a + 5*c - 15, 0*c = c. What is the remainder when 43 is divided by a?
13
Let c(o) = o - 5. Let b be c(10). Suppose u + 21 = -b*p + 6*p, -p + 37 = -5*u. Calculate the remainder when 48 is divided by p.
14
Let o(x) = -2*x**2 + 5. Calculate the remainder when 16 is divided by o(0).
1
Let a(b) = 1. Let k(g) = 7*g + 3. Let p(y) = 2*a(y) - k(y). What is the remainder when p(-4) is divided by (8/10)/((-4)/(-70))?
13
Let o(w) = w + 3. Let u = -13 + 18. Calculate the remainder when (2/(-3))/((-6)/279) is divided by o(u).
7
Suppose 3*p + q = 2*q + 34, -2*p = -2*q - 16. Calculate the remainder when 51 is divided by p.
12
Let j(o) = o**2 + o + 4. Let s = -32 - -45. Calculate the remainder when s is divided by j(0).
1
Let g(t) = 11*t**3 - 2*t**2 + 1. Let s be g(1). Suppose -3*f = -17 - 37. What is the remainder when f is divided by s/(2 - 0/2)?
3
Suppose -5*a + 8 = x, 4*x = 3*a - 0*a + 55. Calculate the remainder when 23 is divided by x.
10
Let f = 187 + -123. What is the remainder when f is divided by 24?
16
Suppose -3*f + 0 = -4*a - 36, 8 = 2*f. Calculate the remainder when (4/a)/(24/(-972)) is divided by 10.
7
Let p = 220 - 148. What is the remainder when p is divided by 25?
22
What is the remainder when -1 - 0 - -90 - -1 is divided by 31?
28
Let t(k) = -8*k + 1. Suppose -5 = -2*l - 1. Suppose -2*n - 2*q = l*n - 32, 3*q - 12 = -2*n. Calculate the remainder when t(-2) is divided by n.
8
Let x = 47 - 32. Calculate the remainder when 89 is divided by x.
14
Let b be (-1 - -2 - 0)*34. Suppose 3*t = -u + b, u = -t + 13 + 1. Calculate the remainder when t is divided by 6.
4
What is the remainder when (-2)/11 + (-1874)/(-22) is divided by 29?
27
Suppose 248 = 2*x + 6*x. What is the remainder when x is divided by 0 + 4*(-2)/(-1)?
7
Let s be -1 + 1 - -2 - 2. Suppose s*o + 46 = 2*o. Let k = 29 - 21. What is the remainder when o is divided by k?
7
Let j(z) = 7*z - 6. Suppose -2*q - 14 = -3*x, -3*x + 3*q + 13 = 2*q. Let v = -7 + 19. What is the remainder when j(x) is divided by v?
10
Let a(x) = x**2 - 2*x + 4. Let g(o) = 8*o. Calculate the remainder when g(7) is divided by a(-3).
18
Suppose -4*a - 3*d = -46, 0 = 3*a + a - 5*d - 30. What is the remainder when 17 is divided by a?
7
Let q be (-8)/3*(-90)/4. Suppose 0*r = -5*r + q. Calculate the remainder when 35 is divided by r.
11
Let g(y) = y**3 - 6*y**2 + 7*y - 5. Let v be g(5). Let c = 20 - v. Calculate the remainder when c is divided by 8.
7
Let j(g) = g**2 - 14*g - 17. Calculate the remainder when 74 is divided by j(16).
14
Let q(k) = k**2 - 13. What is the remainder when 67 is divided by q(6)?
21
Suppose 4*j - 425 = -2*l - l, -565 = -4*l - 5*j. Calculate the remainder when l is divided by 20.
15
Let d(f) = f**2 - 1. Let l be d(-3). Let z be (-122)/l*(0 - 4). Let o = z + -37. What is the remainder when o is divided by 13?
11
What is the remainder when 0 + -2 + 16 + -10 is divided by 1?
0
Suppose 10 = 2*s + 3*s. Suppose -s = -q + 3. Let z = 32 + -18. What is the remainder when z is divided by q?
4
Calculate the remainder when 23 is divided by -7 + 14 + -4 - (1 - 3).
3
Suppose 3*x - 5*c = 23, 5*x = 3*x + 5*c + 12. What is the remainder when 39 is divided by x?
6
Suppose 31 = 5*g - 19. What is the remainder when g is divided by 6?
4
Let o(h) = h**2 + 5*h - 4. Let g(v) = -5*v**2 - 2*v - 1. Let q be g(-1). Let u = q - -15. Calculate the remainder when o(-9) is divided by u.
10
Let c = 116 - 109. What is the remainder when 13 is divided by c?
6
Let r = 29 + 96. Suppose -4*v - v + r = 0. Suppose 2*m = m - 2*a + 5, -5*m = 5*a - 45. Calculate the remainder when v is divided by m.
12
Suppose -24 = -6*b + 42. What is the remainder when 73 is divided by b?
7
Suppose 0 = 5*l - 26 - 59. Let x = -116 - -126. Calculate the remainder when l is divided by x.
7
Let r(t) = t**3 - 11*t + 1. Let y(o) = 19*o**2 + o. Calculate the remainder when r(5) is divided by y(-1).
17
Let a = 78 + -46. What is the remainder when a is divided by 13?
6
Let g(z) = z**2 - z + 1. Calculate the remainder when g(-4) is divided by 11.
10
Let f = 214 + -152. What is the remainder when f is divided by 16?
14
Let o(q) = -5*q - 1. Let a(g) = -10*g - 3. Let c(f) = -4*a(f) + 7*o(f). Calculate the remainder when c(4) is divided by 7.
4
Suppose -2*q + q + 13 = 4*i, -2*q + 30 = 4*i. What is the remainder when 65 is divided by q?
14
Suppose -5*h = o + 4*o - 15, -o - 17 = -4*h. Calculate the remainder when -3 - -1 - o - -11 is divided by 4.
2
Let c(z) = -4*z + 3. What is the remainder when 26 is divided by c(-1)?
5
Let c(l) = -l + 3. What is the remainder when 25 is divided by c(-6)?
7
Let r(k) = -k. Let z be r(2). What is the remainder when 2/(-4) + 55/2 is divided by z/2 + 30/2?
13
Let l(p) = -p**2 + 10*p. Let c be l(10). Calculate the remainder when (-1 + c)/(6/(-102)) is divided by 9.
8
What is the remainder when 4/(-14) - (4 - (-2320)/(-35)) is divided by 13?
10
Suppose g = -g - 8. What is the remainder when 19 is divided by ((-242)/